0*w - g*w = -80. What is the tens digit of w?
1
Let r be (-10)/55 - (-4)/22. Suppose -5*k + 8*k - 54 = r. What is the tens digit of k?
1
Let b be 2094/78 + 4/26. Let l = -15 + b. What is the units digit of l?
2
Suppose -5*w = -x - 9, 4*x + w + 9 = -6. Let m = 8 + x. Suppose -5*z + 11 = -m*z. What is the units digit of z?
1
Let y(k) = -k**2 - 2*k + 17. Let l be y(-7). What is the units digit of l*3/12*-8?
6
Let p(u) = 17*u + 17. What is the units digit of p(4)?
5
Let i(f) = -f + 109. What is the hundreds digit of i(0)?
1
Suppose 45 = 3*d + 2*d. Let k(r) = r**3 - r**2 + r + 1. Let a(w) = 2*w**3 + 5*w**2 + 13*w - 9. Let u(j) = -a(j) + 3*k(j). What is the units digit of u(d)?
3
Let r(w) = -6*w + 11. Let j(d) = -7*d + 11. Let x(y) = 2*j(y) - 3*r(y). What is the units digit of x(5)?
9
Let c(q) = -2*q**2 + 10*q + 1. Let p be c(8). Let r = p - -98. What is the units digit of r?
1
What is the units digit of (-2)/6 + 171/27?
6
Suppose 5 = 3*q + 3*x + 2*x, -18 = -4*q - x. Suppose -2*z + 47 = 2*z - q*f, z = f + 11. Suppose -z = -s - 2. What is the units digit of s?
6
What is the hundreds digit of 8688/36 + 2/3?
2
What is the hundreds digit of (43 + -44)*(-1)/((-2)/(-320))?
1
Suppose -2*v + 11 = v + m, 0 = -2*m - 8. Suppose 9 = -v*b - 1. Let a = 4 + b. What is the units digit of a?
2
Let w(i) = -i**3 + 4*i**2 + 5*i + 6. Let l be w(5). Suppose 0 = -2*t + l*v - v + 89, 10 = -2*v. What is the units digit of 6/(-4)*t/(-6)?
8
Let j(n) = 14*n - 1. What is the units digit of j(1)?
3
Suppose 3*d + 5*i - 3*i - 72 = 0, 5*d - 113 = -i. What is the tens digit of d?
2
Let w(c) = c**3 - 4*c**2 + c - 3. Let q be w(4). Let u(v) = v**2 + 2*v - 1. What is the units digit of u(q)?
2
What is the units digit of 3 + 0/((-4)/(-1)) + 1?
4
Let b = -17 - -7. What is the units digit of (40/(-25))/(2/b)?
8
Suppose 3*b - 198 = -3*b. What is the tens digit of b?
3
Let h(a) = a. Let s be h(-1). Let w = 15 - s. What is the units digit of w?
6
Suppose 0 = -9*r + 8*r + 62. Let u = r - 33. What is the units digit of u?
9
Let c be -12 + 0*3/6. Let s = 17 + c. Suppose -s*w + 27 = 2. What is the units digit of w?
5
Let a = 5 + 4. What is the units digit of a?
9
Suppose -18 = -2*q + 4*q. Let o = 31 + q. What is the tens digit of o?
2
Suppose -4*k = -0*k - 672. What is the units digit of k?
8
Let x be (4 - 8)*3/(-2). What is the units digit of (16/2)/(x/15)?
0
Let h(r) = -r**2 - 1. Let l(v) = -6*v + 3 + 5*v**2 - 3*v**2 + 0. Let c(p) = -3*h(p) - l(p). What is the units digit of c(-7)?
7
Let p = 7 + 2. Let s(x) = x**3 - 10*x**2 + 13*x - 12. What is the units digit of s(p)?
4
Let a(r) = 4*r**2 + 25*r - 5. What is the tens digit of a(7)?
6
Let j(z) = 0 - 2 + 0*z + 10*z. What is the tens digit of j(2)?
1
Let j(h) = h**3 + 10*h**2 + 8*h - 6. Suppose k = o - 8 - 5, 2*o = -2*k - 10. What is the units digit of j(k)?
3
Let p(g) = 13*g**3 - g**2 - 2*g. Let k be p(2). Let d = -45 + k. What is the units digit of d?
1
Suppose -6 + 23 = i. Suppose -i - 7 = -b. Suppose -b = -4*p + 24. What is the units digit of p?
2
Suppose -171 = -8*u + 925. What is the units digit of u?
7
Suppose 84 = 2*x + x. What is the units digit of x?
8
Let w(m) = -2*m. Let x be w(1). What is the units digit of (-3)/(-2) - (-1)/x?
1
Let x = 6 + -4. What is the units digit of 2 + (3 - 1) + x?
6
Let y be (-2)/(-6) - (-3)/(-9). Suppose i + i = y. Suppose w + i = 5. What is the units digit of w?
5
Let i be (0 + (2 - 4))*-2. Suppose 4*j - 60 = -j. Suppose i*y - j = -0*y. What is the units digit of y?
3
Let w(n) = n - 4. Let c be w(0). Let x = c - -6. Suppose -29 = -5*u + k, u + 2*k - 7 = -x*u. What is the units digit of u?
5
Let j be -2 + -2*(-2)/(-4). Let h be (-48)/j + 2/(-1). Let a = -10 + h. What is the units digit of a?
4
Let i be (4*-1 - -2) + 4. Let h be 27/(-4)*2*i. Let j = -18 - h. What is the units digit of j?
9
Let n = 7 - -18. Suppose -n = -2*c + 3. What is the units digit of c?
4
Let p = -260 + 470. Suppose p = 2*n + 3*n. What is the units digit of n?
2
Let j = 21 - -1. Let p = 40 - j. Suppose -3*l + p = -3*c, 28 = 2*l + 3*c + 11. What is the units digit of l?
7
Let f(d) = -d**2 + 5. Let x be f(0). Let a = 6 - x. What is the units digit of a?
1
Let k be -1*2/2 - 2. Let b be k/((-9)/6 + 1). Suppose 5*v = m - b*m + 90, 4*v = 16. What is the units digit of m?
4
Let t(z) = -2*z**2 + 6 - 1 + 3*z + 3*z**2. What is the units digit of t(-4)?
9
Suppose 4*c + 5*i + 7 = -1, 4*c - 3*i - 24 = 0. Suppose 5*d - d - 106 = -m, 0 = -c*d - 3*m + 84. What is the tens digit of d?
2
Let s(c) = -7*c**2 - 2*c - 1. Let y be s(-1). Let g = 11 + y. Suppose 0 = -4*z + m + 27, g*m - 25 = -5*z + 15. What is the units digit of z?
7
Let y(n) = -3*n**2 - 8*n - 10. Let o(h) = -3*h**2 - 7*h - 9. Let f(z) = -5*o(z) + 4*y(z). What is the units digit of f(-3)?
3
Let o(x) = -x**2 - 7*x - 2. Let r be o(-6). Suppose -2*l - 6 = r*v, l + 11 = -l - 5*v. What is the units digit of l?
7
Suppose -3*h + 4*r + 864 = h, -4*h = r - 854. What is the units digit of h?
4
Suppose -2*h + 0*h = -4. Let r be h - (-5 + (1 - -1)). Suppose 0 = r*j - 23 - 12. What is the units digit of j?
7
Let x(z) = 6*z + 3. Let j(t) = -t**2 - t + 1. Let i(d) = j(d) - x(d). Let h be i(-7). What is the units digit of 4/(8/3 + h)?
6
Let d be (-3 - 1)/((-7)/14). Suppose d = v - 9. What is the tens digit of v?
1
Let c(d) = -d**2 + 7*d - 5. Let w be c(6). Let h be w + (0 - 1) + 5. Suppose -5*o - 1 = 4, 2*o - 8 = -h*z. What is the units digit of z?
2
Suppose 9*t - t = 3128. What is the hundreds digit of t?
3
Suppose 21*j - 14*j - 1148 = 0. What is the tens digit of j?
6
What is the tens digit of 604/20 + 2/(-10)?
3
Suppose 3*v - 251 = -0*v - 5*n, 158 = 2*v + n. What is the units digit of v?
7
Suppose -6 = -3*n - 3*c, -2*c - 1 = -n + 2*n. Suppose n*w + 116 = 11. What is the units digit of (-182)/w - 2/3?
8
Suppose -2*x + 13 = 1. What is the units digit of (x/(-9))/(10/(-195))?
3
Let v(j) = j**3 + 4*j**2 + 3*j + 4. Let h = 4 - 7. Let u be v(h). Suppose u*z = -1 + 13. What is the units digit of z?
3
Let h(q) = 3*q - 1. Let y be h(3). Let v be (-4)/12 - y/(-6). What is the units digit of (5/15)/(v/33)?
1
Suppose 0 = -q - 0*l - 5*l + 46, 4*l = -5*q + 125. Suppose 2*m = -m + q. What is the units digit of m?
7
Suppose -x + 60 = 3*x. What is the units digit of x?
5
Suppose -m = -2 + 4. What is the tens digit of -39*(m/3 - 0)?
2
What is the units digit of (-12)/84 - (-491)/7?
0
Let c = 578 - 367. What is the tens digit of c?
1
Suppose 5*n + 220 = 9*n. What is the units digit of n?
5
Let f = -11 - -14. Suppose -p + 18 = f. What is the units digit of p?
5
Suppose 0*t = 2*t - 426. What is the tens digit of t?
1
Suppose 0*l - 3*l + 9 = 0. Suppose 5 = -2*j + l*j. What is the units digit of j?
5
Let f = 52 - 24. Suppose -4*k - k = -4*s - f, -5*k + s + 22 = 0. Suppose -3 = -k*h + 1. What is the units digit of h?
1
Suppose -7*z + 64 = -3*z. What is the tens digit of z?
1
Let q(r) = -r**2 - 9*r + 4. Let b be q(-9). What is the tens digit of (-145)/(-11) - b/22?
1
Let w(r) = -r - 1. Let z be w(8). Suppose -12 = 5*t + 63. Let s = z - t. What is the units digit of s?
6
Suppose -4*o = -5 - 11. Suppose -5*c - 19 = -d, -o*d + 7*d = 2*c + 18. Suppose h - 4*k - 19 = 0, -26 = -d*h - 5*k + 29. What is the tens digit of h?
1
Let y(g) = -g**3 - 7*g**2 + 7*g - 3. Let b be y(-8). Suppose -b*u - 9 = 6. What is the units digit of 3 + -1*(-1 - u)?
1
Suppose 0 = -5*p - 3*z + 12, -3*z = -5*p - 5*z + 8. Suppose 31 = 4*s + 4*h - 1, 4*h - 37 = -5*s. Suppose -m = p, 6 - 5 = a + s*m. What is the units digit of a?
1
Suppose -c - 2 = z - 1, 2*c + 4*z + 2 = 0. What is the units digit of 1 + 1 + c - -11?
2
Suppose -6 = 2*z + z. Let n(x) = -2*x - 2. What is the units digit of n(z)?
2
Let s = 137 - 110. What is the tens digit of s?
2
Let b = -24 - -55. What is the tens digit of b?
3
Suppose -2*z + 129 = 2*x + z, x = 5*z + 45. Suppose 0 = -3*a + 6*v - 5*v + x, 0 = 2*a - 2*v - 36. What is the tens digit of a?
2
Suppose -g + 21 = 3*g - 5*z, -4*z = 4*g - 12. Suppose -g*d = 3*b - 97, 4 = 2*b - 2. Suppose 2*w + 15 = -5*j, -d + 7 = 3*j. What is the units digit of w?
5
Let b = -3 + 12. What is the units digit of b?
9
Suppose -5*t - s = -305, -5*t + 3*s + 305 = 2*s. What is the units digit of t?
1
Let y(r) = -3*r - 3 - 5*r**2 - r**3 + 7*r**2 + 6*r. Suppose -6*x 